of 3131029?
11, 19, 71, 211
List the prime factors of 4791770.
2, 5, 349, 1373
List the prime factors of 1372374.
2, 3, 76243
What are the prime factors of 6784023?
3, 359, 6299
What are the prime factors of 1191819?
3, 17, 23369
What are the prime factors of 247627?
19, 13033
What are the prime factors of 1397711?
7, 199673
List the prime factors of 3320468.
2, 830117
List the prime factors of 11548204.
2, 2887051
What are the prime factors of 107343?
3, 11927
List the prime factors of 4831232.
2, 7, 337
List the prime factors of 1059526.
2, 13, 40751
What are the prime factors of 1301156?
2, 23, 14143
What are the prime factors of 240473?
240473
List the prime factors of 14120080.
2, 5, 13, 13577
What are the prime factors of 12081321?
3, 7, 19, 10093
What are the prime factors of 5486169?
3, 13, 41, 47, 73
List the prime factors of 2279432.
2, 499, 571
List the prime factors of 96152.
2, 7, 17, 101
What are the prime factors of 337949?
337949
What are the prime factors of 87567?
3, 17, 101
List the prime factors of 7111548.
2, 3, 19, 37, 281
What are the prime factors of 22931033?
53, 432661
List the prime factors of 525422.
2, 29, 9059
What are the prime factors of 308052?
2, 3, 43, 199
What are the prime factors of 1882868?
2, 13, 36209
List the prime factors of 8172275.
5, 109, 2999
What are the prime factors of 505393?
7, 17, 31, 137
List the prime factors of 5529988.
2, 19, 72763
What are the prime factors of 161086?
2, 239, 337
What are the prime factors of 31183509?
3, 7, 1484929
List the prime factors of 6454359.
3, 717151
What are the prime factors of 421502?
2, 73, 2887
List the prime factors of 974127.
3, 7, 11, 4217
What are the prime factors of 114757?
114757
List the prime factors of 44582.
2, 22291
List the prime factors of 982669.
31, 31699
What are the prime factors of 57376?
2, 11, 163
What are the prime factors of 149420?
2, 5, 31, 241
List the prime factors of 1453477.
1453477
List the prime factors of 2205633.
3, 735211
What are the prime factors of 611257?
611257
List the prime factors of 562469.
101, 5569
What are the prime factors of 396408?
2, 3, 83, 199
List the prime factors of 5277763.
19, 229, 1213
List the prime factors of 230466.
2, 3, 71, 541
List the prime factors of 1023731.
1023731
List the prime factors of 1813481.
23, 37, 2131
List the prime factors of 5203.
11, 43
What are the prime factors of 75434?
2, 37717
What are the prime factors of 528542?
2, 7, 19, 1987
List the prime factors of 1109426.
2, 137, 4049
List the prime factors of 121895.
5, 24379
List the prime factors of 5407461.
3, 23, 151, 173
What are the prime factors of 5322551?
13, 383, 1069
What are the prime factors of 2744769?
3, 17, 53819
List the prime factors of 94010.
2, 5, 7, 17, 79
What are the prime factors of 18213?
3, 13, 467
List the prime factors of 151609.
151609
List the prime factors of 592425.
3, 5, 2633
What are the prime factors of 15272122?
2, 79, 163, 593
What are the prime factors of 10673546?
2, 13, 43, 9547
List the prime factors of 722762.
2, 389, 929
What are the prime factors of 2784933?
3, 309437
What are the prime factors of 19656?
2, 3, 7, 13
What are the prime factors of 15860063?
163, 97301
What are the prime factors of 2244640?
2, 5, 14029
List the prime factors of 780924.
2, 3, 59, 1103
What are the prime factors of 488601?
3, 233
List the prime factors of 845571.
3, 281857
List the prime factors of 1229137.
7, 13, 1039
List the prime factors of 357447.
3, 19, 6271
List the prime factors of 228720.
2, 3, 5, 953
What are the prime factors of 7737542?
2, 151, 25621
List the prime factors of 149180.
2, 5, 7459
List the prime factors of 19903326.
2, 3, 23, 233, 619
List the prime factors of 422842.
2, 7, 30203
What are the prime factors of 143744?
2, 1123
What are the prime factors of 381850?
2, 5, 7, 1091
List the prime factors of 5803085.
5, 479, 2423
What are the prime factors of 46702?
2, 19, 1229
List the prime factors of 759610.
2, 5, 37, 2053
What are the prime factors of 569218?
2, 13, 21893
List the prime factors of 11538108.
2, 3, 79, 4057
What are the prime factors of 4608961?
7, 47, 14009
List the prime factors of 2832801.
3, 109, 8663
What are the prime factors of 732176?
2, 67, 683
List the prime factors of 1162147.
7, 166021
List the prime factors of 418696.
2, 199, 263
What are the prime factors of 1203268?
2, 11, 23, 29, 41
What are the prime factors of 13617916?
2, 13, 257, 1019
List the prime factors of 396026.
2, 198013
What are the prime factors of 2545190?
2, 5, 254519
What are the prime factors of 3622458?
2, 3, 7, 86249
List the prime factors of 1435162.
2, 717581
List the prime factors of 7872553.
13, 443, 1367
List the prime factors of 1977732.
2, 3, 137, 401
List the prime factors of 4008440.
2, 5, 23, 4357
What are the prime factors of 22280850?
2, 3, 5, 67, 739
List the prime factors of 1728582.
2, 3, 19, 59, 257
List the prime factors of 521001.
3, 13, 61, 73
What are the prime factors of 32483?
11, 2953
What are the prime factors of 304195?
5, 83, 733
What are the prime factors of 231123?
3, 77041
List the prime factors of 5330610.
2, 3, 5, 6581
List the prime factors of 222791.
222791
What are the prime factors of 12524793?
3, 353, 11827
List the prime factors of 15155557.
15155557
List the prime factors of 1055251.
1055251
What are the prime factors of 679978?
2, 13, 26153
What are the prime factors of 132971?
132971
What are the prime factors of 2336162?
2, 113, 10337
What are the prime factors of 990440?
2, 5, 11, 2251
What are the prime factors of 265500?
2, 3, 5, 59
What are the prime factors of 104807?
311, 337
What are the prime factors of 604752?
2, 3, 43, 293
List the prime factors of 30249.
3, 3361
List the prime factors of 3177017.
3177017
List the prime factors of 13571134.
2, 17, 399151
List the prime factors of 545746.
2, 131, 2083
List the prime factors of 24404128.
2, 7, 108947
What are the prime factors of 1467002?
2, 71, 10331
What are the prime factors of 76926?
2, 3, 12821
What are the prime factors of 478968?
2, 3, 7, 2851
List the prime factors of 159550.
2, 5, 3191
What are the prime factors of 1280608?
2, 7, 5717
List the prime factors of 749269.
241, 3109
What are the prime factors of 2040306?
2, 3, 17, 83, 241
List the prime factors of 35299143.
3, 11, 149, 2393
List the prime factors of 136748.
2, 17, 2011
List the prime factors of 5206.
2, 19, 137
What are the prime factors of 158799?
3, 43, 1231
List the prime factors of 611723.
7, 31, 2819
What are the prime factors of 836960?
2, 5, 5231
List the prime factors of 48911.
59, 829
List the prime factors of 1140430.
2, 5, 114043
What are the prime factors of 199629?
3, 41, 541
What are the prime factors of 551111?
11, 50101
List the prime factors of 154929.
3, 43, 1201
What are the prime factors of 357626?
2, 178813
List the prime factors of 949996.
2, 439, 541
List the prime factors of 863694.
2, 3, 13, 3691
What are the prime factors of 601188?
2, 3, 7, 17, 421
List the prime factors of 3048637.
41, 74357
List the prime factors of 90660.
2, 3, 5, 1511
List the prime factors of 902546.
2, 593, 761
What are the prime factors of 24082937?
19, 887, 1429
What are the prime factors of 86334?
2, 3, 14389
List the prime factors of 7362078.
2, 3, 109, 11257
What are the prime factors of 22036403?
17, 421, 3079
What are the prime factors of 6471?
3, 719
List the prime factors of 1929746.
2, 7, 13, 23, 461
What are the prime factors of 14679622?
2, 53, 79, 1753
List the prime factors of 6356674.
2, 17, 31, 37, 163
List the prime factors of 1021538.
2, 7, 131, 557
List the prime factors of 610729.
7, 43, 2029
List the prime factors of 1192513.
7, 24337
What are the prime factors of 25149898?
2, 373, 33713
List the prime factors of 144722.
2, 269
List the prime factors of 618968.
2, 7, 1579
List the prime factors of 7207122.
2, 3, 13, 92399
List the prime factors of 3583084.
2, 895771
List the prime factors of 234051.
3, 78017
What are the prime factors of 262966?
2, 11, 11953
What are the prime factors of 246050?
2, 5, 7, 19, 37
List the prime factors of 8043609.
3, 7, 383029
List the prime factors of 293522.
2, 17, 89, 97
What are the prime factors of 86728?
2, 37, 293
What are the prime factors of 1364888?
2